- 112. List the prime factors of z(12).
2, 7
Let a = 20 + 12. Suppose -a = -3*u - 20. Suppose 5*b + 0*b = -u*o + 1561, 4*o + 602 = 2*b. List the prime factors of b.
3, 103
Let x(w) = -w**3 - 15*w**2 - w - 13. Let p be x(-15). Suppose -6 = p*z - 14. Suppose l = 8*a - z*a + 69, 5*l - a - 440 = 0. What are the prime factors of l?
89
Let h be 10/5 - 5 - (-299)/(-1). Let z = h + 691. List the prime factors of z.
389
Let y(s) = 12*s**2 - 21*s + 8. Let q(n) = n**3 + 24*n**2 + 3*n + 76. Let k be q(-24). List the prime factors of y(k).
2, 29
Suppose -583799 = -33*g - 85235. List the prime factors of g.
2, 3, 1259
Suppose -b = -2*k + 21109, -12*k + 3*b + 21103 = -10*k. List the prime factors of k.
2, 7, 13, 29
Let f(a) = a**3 + 7*a**2 - 13*a - 36. Let x be f(-8). Suppose x*d - 768 = 2*p - 0*p, 5*d + 4*p = 934. What are the prime factors of d?
2, 5, 19
Suppose -56*c + 59*c = 9. Suppose 332 + 28 = c*w. Suppose 3*l - w = 93. What are the prime factors of l?
71
Let u = 967 + -626. Let z = 25 - u. What are the prime factors of ((-15)/(-20))/((-6)/4)*z?
2, 79
Suppose -4*h = -7*h + 4*r + 57589, -5*r = 5. What are the prime factors of h?
5, 11, 349
Let d(h) = 8*h**2 + 63*h + 705. List the prime factors of d(-17).
2, 7, 139
Suppose 11*k - 84 = -10*k. Suppose -k*r + 655 = r. List the prime factors of r.
131
Let j = 14656 - -718. List the prime factors of j.
2, 7687
Suppose 156*u - 3979248 = 104*u. List the prime factors of u.
2, 3, 7, 911
Suppose 5*f - 14413 = 7077. Suppose -25*d + f = -4552. What are the prime factors of d?
2, 3, 59
Let w = 34 + -24. List the prime factors of ((-5)/w)/((-2)/2800).
2, 5, 7
Suppose -11*w - 77*w + 1026120 = 116*w. List the prime factors of w.
2, 5, 503
Let x(n) = -n**3 - 9*n**2 - 2*n + 12. Let z be x(-8). Let r = -5 - z. Suppose 0 = k - 39 - r. What are the prime factors of k?
2, 5, 7
List the prime factors of (-9 + -52317)/(-9) + -5.
37, 157
Let q(f) be the first derivative of -f**4/4 + 5*f**3 + 2*f**2 - 39*f - 2. Let i = 10 + 4. List the prime factors of q(i).
3, 71
Let d(s) = 28*s + 247. Suppose 67 = 3*k + 2*q, -2*k + 17*q + 49 = 14*q. List the prime factors of d(k).
3, 11
Let v(m) = -m**3 - 8*m**2 - 11*m + 10. Let f be v(-6). Let u be 2/f*74 + (-2 - -1). Let x = u - -16. List the prime factors of x.
2, 13
Let t(c) = 278*c**3 - 6*c**2 + 363*c - 2250. What are the prime factors of t(6)?
2, 3, 5, 83
Suppose -22137 + 3302 = -5*d. Let m = d - 2188. What are the prime factors of m?
1579
Let d be (-22)/(-77) + 120/21. Suppose -k + 3*h + d = -17, -4*k - 4*h + 12 = 0. Suppose 9*p - 223 = k*p. What are the prime factors of p?
223
Let f(z) = 30*z**2 + 6*z - 1. Let m(q) = -30*q**2 - 7*q + 1. Let v(p) = 5*f(p) + 4*m(p). Let o be v(1). Let y = -23 + o. What are the prime factors of y?
2
Suppose 15 = n - 4*a, 0 = -5*a + 2 - 17. Suppose -n*d - g = -d - 670, -3*d = -g - 1005. List the prime factors of d.
5, 67
Let u = 75870 - 46814. List the prime factors of u.
2, 227
Let y = 84797 + -51572. What are the prime factors of y?
3, 5, 443
Suppose 5*b + 2*q - 965 = 0, 2*q = 3*b - 3*q - 610. Let p = -83 - -88. Suppose 99 = p*o + 3*a - b, -4*o + 3*a = -219. What are the prime factors of o?
3, 19
Suppose -t - 9 = -6, 5*t - 1515 = -2*p. Let f = -296 + p. List the prime factors of f.
7, 67
List the prime factors of 10/25 - (8038/(-5) + -1).
1609
Let a be -4 - -15 - (-1 + 8). Suppose 2*d - 303 - 28 = -r, -3*r + 997 = a*d. What are the prime factors of r?
5, 67
Suppose -16*s + 53 = -139. List the prime factors of (7/(42/(-1395)))/(s/(-64)).
2, 5, 31
Suppose 0 = k - 2*s - 3, -5*k + 9*k - 12 = 2*s. Suppose l = 4*n - 2745, k*n - n - 1371 = -l. List the prime factors of n.
2, 7
Suppose -y - 15381 = -v, 14*v = 9*v + 3*y + 76899. What are the prime factors of v?
2, 3, 11, 233
Suppose 5*n + s = 19856 - 4257, -10*n + 2*s + 31182 = 0. What are the prime factors of n?
3119
Suppose 2*y - 4*d - 24 = 0, -5*y + 3*y = 5*d - 15. List the prime factors of (436/y)/((-8)/(-20)).
109
Let f(i) = -4*i**2 + 0*i**2 + 6*i + 2 + 7*i**2 - 19*i**3. List the prime factors of f(-2).
2, 7, 11
Let q = -221 - -224. Suppose 3*l = -h + 353, 0 = -q*h + 5*l + 1817 - 758. What are the prime factors of h?
353
Let b = -5828 - -8770. List the prime factors of b.
2, 1471
Suppose -1055*o + 265427 = 5*p - 1051*o, -o = -4*p + 212308. List the prime factors of p.
3, 13, 1361
Let n(g) = -g**3 + 2*g**2 + g + 8. Let i be n(3). Suppose -f = i*f. Suppose -d + 2*a = f, -4*d - 39 = -8*d - 5*a. List the prime factors of d.
2, 3
Let d(w) = 6*w**2 + 11*w - 13. Let z be d(-8). Suppose 7*h = z + 2881. List the prime factors of h.
2, 113
Suppose 13*r + 4*u = 18*r - 46, -u - 28 = -4*r. List the prime factors of r/(4/(-1688)*-3).
2, 211
Let l = 458 - 455. Suppose 15*c = l*b + 13*c - 4994, -4*c = 2*b - 3340. What are the prime factors of b?
2, 7, 17
Suppose -3*h = 1394 - 20411. List the prime factors of h.
3, 2113
Let t = -430 + 4565. What are the prime factors of t?
5, 827
Suppose 4*d = -t + 43867, 6828 = 2*d + 2*t - 15110. List the prime factors of d.
2, 5483
Let o(b) = -17*b**3 - 2*b**2 - 17*b - 229. List the prime factors of o(-7).
5623
Suppose -5*n + 248 = -147. Suppose 3*p - n = 5*k, -k = 21*p - 16*p - 113. What are the prime factors of p?
23
Let s(g) = g**2 + 3*g - 1. Let n be s(-4). Suppose n*m + 4*d - 8 = -2, 3*m - d = 6. Suppose 57 = -0*l + l - m*c, 12 = -3*c. List the prime factors of l.
7
Let x = 12831 - 6836. What are the prime factors of x?
5, 11, 109
What are the prime factors of 2503 + -42 - (-10 - (-2 - 1))?
2, 617
Let t be 19/(-3) + (-2 - (-49)/21). List the prime factors of -63*(-13 + 3) + t.
2, 3, 13
Suppose 19 = 3*d - 3*a - 23, -d - 10 = 5*a. What are the prime factors of ((-2)/d*5)/((-1)/598)?
2, 13, 23
Suppose 470967 = 178*g - 54*g - 2314445. List the prime factors of g.
7, 3209
Let i = 12874 - 8848. List the prime factors of i.
2, 3, 11, 61
What are the prime factors of 4156/(-2)*7*6/(-84)?
1039
Let v(p) = p**2 - 7*p - 18. Let i(h) = -8*h - 4. Let u be i(-1). Let y be (-6)/(-27) - u/((-108)/345). List the prime factors of v(y).
2, 3, 5
List the prime factors of ((-1200)/90)/((-4)/9642).
2, 5, 1607
Suppose 63 = -c - 0. Let j = -60 - c. Suppose -2*d - 47 = -4*v + 3*v, 3*v + j*d - 114 = 0. List the prime factors of v.
41
What are the prime factors of 15/5 - 38/(-3)*(240 - 27)?
37, 73
Let u(x) = 8411*x**2 - 219*x + 4. List the prime factors of u(1).
2, 3, 683
Let u = 10318 + 1061. List the prime factors of u.
3, 3793
Let d(b) = 5*b**3 - b**2 + 7*b - 24. Let t(a) = -4*a**3 + 2*a**2 - 5*a + 24. Let r(l) = 5*d(l) + 6*t(l). Let j = 46 - 51. What are the prime factors of r(j)?
7
Suppose 19*w + 28*w = 0. List the prime factors of -49*338/(-13) + (w - -4).
2, 3, 71
Let g(l) be the second derivative of -l**3/6 - 9*l**2/2 + 4*l. Let i be g(-16). Suppose -13*p = -i*p - 1212. What are the prime factors of p?
2, 101
Let o = 313 + -129. Suppose -o = 9*i + 86. What are the prime factors of i*(0 + 2 - 5)?
2, 3, 5
Suppose 4*v = 3*w + 19954, 5*w = 5*v - 13509 - 11431. List the prime factors of v.
2, 5, 499
Let k be ((-10)/40)/(1/24*2). What are the prime factors of (-5)/(25/90*k) - -1286?
2, 17, 19
Suppose -h = 9*h - 270. Suppose 5*f - 13 = h. What are the prime factors of (f/10)/((-11)/(-385))?
2, 7
Suppose -17*w + 274 = -66. Suppose -29*l = -w*l - 2997. List the prime factors of l.
3, 37
Let j(s) = -s**3 - 6*s**2 + 3. Let n(u) = u**2 - 7. Let z be n(0). Let g be j(z). Let x = g - 41. List the prime factors of x.
11
Let x = 4232 - 2237. Suppose 0 = -5*p + 24*d - 19*d + 4950, 3*d = -2*p + x. List the prime factors of p.
3, 331
Let i(v) = -108*v - 34. List the prime factors of i(-31).
2, 1657
Let h be -2 - 1 - (5 - (10 - -2)). Suppose -3*p - h = -4. Suppose p = 4*n + r - 108, -4*r = 4*n - 5*n + 10. List the prime factors of n.
2, 13
Let g(l) = 79*l - 1. Suppose 22*d - 9*d = 52. List the prime factors of g(d).
3, 5, 7
Let x = 29 + -29. Suppose x*h = -h. Suppose h = 4*l - 5*b - 197, -4*l + 192 = -5*b + b. List the prime factors of l.
43
Let n = 156 + -113. Suppose 0 = 2*j + 3*a + n, -2*j = 2*j - 4*a + 36. List the prime factors of (-40)/(-70) + (-1112)/j.
2, 5
Let q be -1*14*-4 + -3. Suppose -106 = -8*w + 6. Let h = q + w. What are the prime factors of h?
67
Let x(b) = 8*b**2 - b + 5. Let n be x(4). Suppose 40*o 